uppose 0 = -x - 2*t + 3, 4*t = -5*x - 3 + 12. Let m be x/((4/10)/((-8)/10)). Let w(k) = 5*k. Calculate w(m).
-10
Suppose -11*u - 320 = 21*u. Let w(a) = -a**2 - 11*a - 7. What is w(u)?
3
Let z(b) be the third derivative of b**9/60480 - b**8/6720 - b**7/1008 + b**6/240 + 11*b**5/60 - 6*b**2. Let p(o) be the third derivative of z(o). Give p(4).
-1
Let y(p) be the second derivative of -p**4/12 + 2*p**3/3 - 5*p**2/2 + 2*p + 224. Determine y(4).
-5
Let o(k) = -k**3 - 11*k**2 - 15*k + 19. Let x be o(-9). Let z(a) = -a**2 - 6*a + 12. Give z(x).
-4
Let r(x) = -860 - 859 + 1700 + 5*x. Give r(14).
51
Let d(g) = 14*g**2 + g. Let m = -538 - -539. Determine d(m).
15
Let n(m) be the third derivative of -m**6/120 + m**5/15 + m**4/6 - 5*m**3/6 + 18*m**2. Let f be 8 + -1 + -2 + 0. Let o be (-2*1)/(f/(-10)). What is n(o)?
11
Suppose 3*c + 15 = 0, 4*c = 154*y - 149*y - 35. Let n(m) = -2*m**2 - 2 + m**3 - 2*m + 3*m - 2*m. Give n(y).
4
Suppose 4*o - 5*i = 168 + 9, -2*i = 5*o - 246. Suppose -4 = -11*s - o. Let t(h) = -1 - h + 0 - 4. What is t(s)?
-1
Let m(b) = b. Suppose -4*t = -12*t + 32. Let u(i) = 2*i. Let z(q) = t*u(q) - 9*m(q). Suppose -n - g + 10 = 0, -4*n - g = -6*g + 5. Determine z(n).
-5
Let h = 38 - 20. Let z be (-84)/h*(-6)/2. Suppose 5*t + z = -11. Let y(b) = -b**3 - 6*b**2 - 7*b - 3. What is y(t)?
7
Let z(m) = -m**2 - 29*m - 86. Let f be z(-26). Suppose 2*u + 29 + 13 = 0. Let c be (-6)/u - f/(-28). Let i(o) = o**2 - 3. Determine i(c).
-3
Let r(g) be the first derivative of g**3/3 - 4*g - 25. Let t be (-50)/(-18) - (-2)/9. Suppose 5*n = t*n. Calculate r(n).
-4
Suppose 3*q + 3*h + 2*h = -25, 3*h = 2*q - 15. Let w = -5 + q. Let m(a) = a**3 + 5*a**2 - 2*a - 2. Give m(w).
8
Let c(i) = -7*i + 3. Suppose 7*z + 4*z - 33 = 0. Determine c(z).
-18
Suppose 4*i + 32 - 12 = 0. Let k(n) = n**2 + 3*n + 5. Determine k(i).
15
Let n be 2/(6/9) + (-7 - -4). Suppose 4*u + 4*p - 24 = 0, -u - 3*u - 3*p + 21 = n. Let m(w) = -4*w + 2. Give m(u).
-10
Let z(m) = -m - 3. Suppose 77*x - 49 = 70*x. Give z(x).
-10
Let p(j) be the first derivative of -j**3/3 - 3*j**2/2 + j - 1. Suppose 6*c - 40 = 2. Let l(z) = -10*z + 65. Let u be l(c). Calculate p(u).
-9
Let d(b) = 17 + 3 - 8 - 3*b. Calculate d(8).
-12
Suppose 33*s - 39*s = -6. Let j(o) be the second derivative of o**3/6 - o**2/2 - 2*o. Give j(s).
0
Let z = 3 + -2. Let c be (-20)/25 + (-12)/(-15). Suppose -m + z = -c*m. Let w(j) = -j**3 - j**2 + 2*j - 1. Calculate w(m).
-1
Let h = -37 + 36. Let v = 1 + -1. Let z(k) = -1 + 0*k - 2*k + 7*k**2 + v*k. Give z(h).
8
Let s(g) = g**3 + g**2 - g + 5. Suppose -4*h + h = -12. Suppose 6*w - h*w = 0. Give s(w).
5
Let z(i) = i**3 + 4*i**2 + i. Let u be z(-3). Let d(n) be the first derivative of -n**2/2 + 8*n + 50. Give d(u).
2
Let t(g) = g**3 - 6*g**2 + g - 4. Let p(r) = 2*r. Let s be p(3). Let v be t(s). Let f(n) = n - v + n + n - 5. Determine f(5).
8
Let u(c) = -7*c + 41. Let p(m) = -8*m + 49. Let w(f) = 6*p(f) - 7*u(f). Suppose 3*y + 44 = 4*n, 2*n - 50 + 0 = 5*y. Give w(y).
-1
Let g(r) be the first derivative of 4*r**3/3 + 2*r**2 + 8*r + 8. Let u(k) = 5*k**2 + 5*k + 9. Let d(v) = -6*g(v) + 5*u(v). Calculate d(-5).
17
Let z(h) = 17*h - 1. Let s(c) = -48*c + 3. Let b(g) = -6*s(g) - 17*z(g). Give b(5).
-6
Let m(v) = 31*v**3 - 7*v**2 + 3*v - 2. Let r(q) = -16*q**3 + 3*q**2 - q + 1. Let n(z) = 2*m(z) + 5*r(z). What is n(-1)?
19
Let r(a) = 5*a + 12. Suppose 0 = -k + l, 5*l + 16 = -14*k + 15*k. Calculate r(k).
-8
Let a(k) = 2*k - 5. Let n = 429 - 424. What is a(n)?
5
Let w be -10*(-3 - 25/(-10)). Let a(c) = -c + 1 + 4*c + c - w*c. Calculate a(6).
-5
Suppose 2*g - 14 = 2*j + 2*j, -4*j = -g + 19. Let d be (-26)/(-65)*(-1 - j). Let b(a) = 2*a**3 - 3*a**3 - d - 10*a - 6*a**2 + 4*a. Calculate b(-5).
3
Let d(x) = 12*x + 263 - 535 + 286 + 12*x**2 + x**3. What is d(-11)?
3
Let q = -19 - -17. Let x be (q/6)/(6/54). Let k(z) = 7*z + 4. What is k(x)?
-17
Let z(p) = -p**3 - 7*p**2 + 1. Let o(s) = -s**2 + 27*s + 6. Let a be o(27). Let j be 1*(a + 1)*-1. Determine z(j).
1
Let x(h) = -10*h + 8. Let z(a) = -7*a + 5. Let m(p) = -p**2 + 5*p + 17. Let g be m(8). Let s(y) = g*z(y) + 5*x(y). Calculate s(5).
0
Let k(d) = -4*d - 2. Let c(m) = -15*m - 13. Let o(i) = c(i) - 2*k(i). Calculate o(-5).
26
Let i(r) = r - 3. Let m = -1386 - -1395. Determine i(m).
6
Let s(x) = x**3 + 4*x**2 - 4*x - 4. Let i = 55 - 87. Let h be (i/48)/(4/114). Let m = h + 14. Give s(m).
-9
Let d be (-2)/(-4)*(4 + -6) - -2. Let o(l) = -5*l + 6. Let z(a) = 4*a - 7. Let k(i) = 6*o(i) + 5*z(i). Calculate k(d).
-9
Let i(l) = l**3 - 7*l**2 + 7*l - 6. Let a be i(6). Let p(d) = -d**3 + d**2 + d - 21. Calculate p(a).
-21
Let g(y) = y**2 - 2. Let u(w) = w**2 - w + 2. Suppose 0 = -5*h + 5*m - 15, 0*m = -5*h + m - 3. Let v be u(h). Suppose -6 = 5*a + k - 4, -v = k. Calculate g(a).
-2
Let o = 557 - 557. Let t(f) be the third derivative of o + 1/60*f**5 - 1/3*f**3 + 0*f + 9*f**2 - 1/8*f**4 + 1/120*f**6. Calculate t(-2).
0
Let c(t) = t**3 - t**2 + 2*t - 1. Suppose -u - 3 = -3*j, 4*j + 3*u - 16 = 1. Calculate c(j).
7
Let v(u) = 4*u**2 - 20*u - 4. Let g be v(5). Let o(r) = -r**3 - 3*r**2 + 6*r + 6. Calculate o(g).
-2
Let x be (-6)/5*(-30)/12. Let z(h) = -9 - 2*h - x + 0*h + 4. What is z(-8)?
8
Let a(g) = 5*g + 43. Suppose 0 = 4*k - 3*k - 4*b + 5, -4*k - 34 = -2*b. Determine a(k).
-2
Let c(p) = p + 2. Let o be (-31)/(-3) - (-4)/(-12). Suppose -o*m = -5*m - 10. Let w be 15/(-12) - m/(-8). Determine c(w).
1
Suppose 24 = -3*f + 42. Let t(u) = -2 + f*u + 5*u - 3*u - 7*u. Determine t(5).
3
Suppose -331*c + 334*c = 9. Let t(g) = -6*g - 5. Calculate t(c).
-23
Let b(r) = -29*r - 13. Let v = -19 + 21. Let y(t) = 15*t + 6. Let s(h) = v*b(h) + 5*y(h). Let q(a) = 8*a + 2. Let x(k) = 9*q(k) - 4*s(k). Calculate x(-3).
-10
Let q(y) = y - 2. Let w(r) = -r**3 + 32*r**2 - 32*r + 33. Let m be w(31). Suppose 14 = m*d - 0*p + 2*p, -11 = -2*d + p. What is q(d)?
4
Let a(v) = -2*v. Let t be (-2 - (-2 + -1))/(2/(-6)). Let z be (t - -4)/(2/10). Determine a(z).
-10
Let j(u) = -u**3 - 20*u**2 + 18*u - 70. Let c be j(-21). Let r(a) = a + 6. Calculate r(c).
-1
Suppose -5*y - 3*l = -4, -2*y = -4*y - l + 1. Let r = -12 + 19. Let x(w) = -4*w + w**3 + 2*w**2 - 2*w + 2*w**3 + r*w. Give x(y).
-2
Let h(g) = -g**2 + 3*g - 3. Suppose 12 = 5*n - 3. Suppose 4*t + 3*m - 35 = 0, -n*t + 4*m = t - 28. Let i = 11 - t. Calculate h(i).
-3
Let v = 52 - 185. Let u = -124 - v. Let n(q) = 2*q - 2. Give n(u).
16
Let t(p) = -p**3 + 4*p**2 + 5*p + 2. Let j(k) = -k**2 - 16*k - 23. Let l be j(-14). What is t(l)?
2
Suppose 3*k - 4*g + 19 = 0, 0 = -4*k + g - 18 + 10. Let x(i) = 41*i + 1. Calculate x(k).
-40
Let n(a) be the first derivative of a**3/3 - 3*a**2/2 - 3*a - 4. Suppose -3*d = -5*d + 10. What is n(d)?
7
Let q(b) = -2*b**2 - 9*b + 8. Let v be q(-11). Let i = v - -136. Let d(u) = -4*u**3 - 1 + 2*u - u**3 - 3*u**3. Calculate d(i).
-7
Suppose -65 + 47 = -3*d. Let o(x) = -6*x + d*x - 7*x + 12 - x**2. Determine o(-9).
-6
Let q(n) = -2*n**3 + n**2 - n + 2. Let a = -85 + 73. Let d be 1*(3 - (-33)/a)*8. What is q(d)?
-12
Let q(i) = -11*i**3 - 7*i + 5. Let p(k) = 6*k**3 + 4*k - 3. Suppose -5*v + 5*t + 20 = 0, 0 = -v - 3*t + 12 - 4. Let b(w) = v*p(w) + 3*q(w). Give b(-1).
4
Let k(d) = 13 + d**3 + 2*d**2 + 9*d**2 + 9 - 11*d - 16. Calculate k(-12).
-6
Let k(c) = c**2 - 1. Let q(s) = s**3 + 6*s**2 - 6*s + 3. Let y be q(-6). Let p(r) = 28*r**2 + 24*r**2 - y - 26. Let j(n) = 65*k(n) - p(n). Determine j(1).
13
Let q(w) = 4*w**3 + w**2 + 7*w + 3. Let y(p) = p**3 - 2*p**2 + 1. Let l(j) = -q(j) + 3*y(j). Determine l(-6).
6
Let p(l) be the first derivative of l**7/840 + l**6/120 - l**5/120 + l**3/3 - 13. Let h(o) be the third derivative of p(o). Calculate h(-4).
-12
Let k(j) = j**3 + 8*j**2 + 8*j + 1. Let p(b) = -b**2 - 4*b + 15. Let i be p(-6). Suppose i*a + 9 = -6*w + 3*w, 0 = 3*w + 5*a + 1. What is k(w)?
-6
Let w = 1594 + -1594. Let b(k) = k - 29. Give b(w).
-29
Let l(j) = 11*j**2 + 11*j**2 + 15*j**2 - 43*j**2 + 4*j**2. Let q(t) = t**3 + 5*t**2 + 5*t + 3. Let z be q(-4). Give l(z).
-2
Let v(m) = m + 1. Let i(f) = 0*f**3 + 3*f**3 - 7*f + 4*f + 5 - 2*f**3. Let h(d) = -i(d) - 3*v(d). Give h(0).
-8
Let c(n) = 16*n**3 - 2*n**2 + n**2 - 9*n**3 - 3*n. Let p(l) = 11*l**3 - 2*l**2 - 5*l. Let v(d) = 8*c(d) - 5*p(d). Calculate v(-2).
-2
Let